{"id":4730,"date":"2019-02-24T20:52:55","date_gmt":"2019-02-24T19:52:55","guid":{"rendered":"http:\/\/www.carnets-dailleurs.com\/?page_id=4730"},"modified":"2019-02-24T20:55:12","modified_gmt":"2019-02-24T19:55:12","slug":"ecosse","status":"publish","type":"page","link":"https:\/\/www.carnets-dailleurs.com\/index.php\/ecosse\/","title":{"rendered":"Ecosse"},"content":{"rendered":"\n<p>Treks au travers des \u00eeles \u00e9cossaises.<\/p>\n\n\n\n<div class=\"wp-block-media-text alignwide\" style=\"grid-template-columns:45% auto\"><figure class=\"wp-block-media-text__media\"><img decoding=\"async\" loading=\"lazy\" width=\"1024\" height=\"576\" src=\"http:\/\/www.carnets-dailleurs.com\/wp-content\/uploads\/2019\/02\/Skye-trail-Etape-3-8-1024x576.jpg\" alt=\"\" class=\"wp-image-3674\" srcset=\"https:\/\/www.carnets-dailleurs.com\/wp-content\/uploads\/2019\/02\/Skye-trail-Etape-3-8-1024x576.jpg 1024w, https:\/\/www.carnets-dailleurs.com\/wp-content\/uploads\/2019\/02\/Skye-trail-Etape-3-8-300x169.jpg 300w, https:\/\/www.carnets-dailleurs.com\/wp-content\/uploads\/2019\/02\/Skye-trail-Etape-3-8-768x432.jpg 768w, https:\/\/www.carnets-dailleurs.com\/wp-content\/uploads\/2019\/02\/Skye-trail-Etape-3-8-150x84.jpg 150w, https:\/\/www.carnets-dailleurs.com\/wp-content\/uploads\/2019\/02\/Skye-trail-Etape-3-8.jpg 1280w\" sizes=\"(max-width: 1024px) 100vw, 1024px\" \/><\/figure><div class=\"wp-block-media-text__content\">\n<p class=\"has-medium-font-size\"><a href=\"http:\/\/www.carnets-dailleurs.com\/index.php\/category\/europe\/ecosse\/ile-de-skye\/\">\u00cele de Skye<\/a><\/p>\n<\/div><\/div>\n\n\n\n<p>     <\/p>\n\n\n\n<div class=\"wp-block-media-text alignwide\" style=\"grid-template-columns:45% auto\"><figure class=\"wp-block-media-text__media\"><img decoding=\"async\" loading=\"lazy\" width=\"1000\" height=\"563\" src=\"http:\/\/www.carnets-dailleurs.com\/wp-content\/uploads\/2019\/01\/Falaise-Hillswick-21.jpg\" alt=\"\" class=\"wp-image-1665\" srcset=\"https:\/\/www.carnets-dailleurs.com\/wp-content\/uploads\/2019\/01\/Falaise-Hillswick-21.jpg 1000w, https:\/\/www.carnets-dailleurs.com\/wp-content\/uploads\/2019\/01\/Falaise-Hillswick-21-300x169.jpg 300w, https:\/\/www.carnets-dailleurs.com\/wp-content\/uploads\/2019\/01\/Falaise-Hillswick-21-768x432.jpg 768w, https:\/\/www.carnets-dailleurs.com\/wp-content\/uploads\/2019\/01\/Falaise-Hillswick-21-150x84.jpg 150w\" sizes=\"(max-width: 1000px) 100vw, 1000px\" \/><\/figure><div class=\"wp-block-media-text__content\">\n<p class=\"has-medium-font-size\"><a href=\"http:\/\/www.carnets-dailleurs.com\/index.php\/category\/europe\/shetland\/\">\u00celes Shetland<\/a><\/p>\n<\/div><\/div>\n","protected":false},"excerpt":{"rendered":"<p>Treks au travers des \u00eeles \u00e9cossaises. \u00cele de Skye \u00celes Shetland<\/p>\n<p> <a class=\"continue-reading-link\" href=\"https:\/\/www.carnets-dailleurs.com\/index.php\/ecosse\/\"><span>Lire la suite<\/span><i class=\"crycon-right-dir\"><\/i><\/a> <\/p>\n","protected":false},"author":1,"featured_media":0,"parent":0,"menu_order":0,"comment_status":"closed","ping_status":"closed","template":"","meta":{"_mi_skip_tracking":false},"_links":{"self":[{"href":"https:\/\/www.carnets-dailleurs.com\/index.php\/wp-json\/wp\/v2\/pages\/4730"}],"collection":[{"href":"https:\/\/www.carnets-dailleurs.com\/index.php\/wp-json\/wp\/v2\/pages"}],"about":[{"href":"https:\/\/www.carnets-dailleurs.com\/index.php\/wp-json\/wp\/v2\/types\/page"}],"author":[{"embeddable":true,"href":"https:\/\/www.carnets-dailleurs.com\/index.php\/wp-json\/wp\/v2\/users\/1"}],"replies":[{"embeddable":true,"href":"https:\/\/www.carnets-dailleurs.com\/index.php\/wp-json\/wp\/v2\/comments?post=4730"}],"version-history":[{"count":3,"href":"https:\/\/www.carnets-dailleurs.com\/index.php\/wp-json\/wp\/v2\/pages\/4730\/revisions"}],"predecessor-version":[{"id":4735,"href":"https:\/\/www.carnets-dailleurs.com\/index.php\/wp-json\/wp\/v2\/pages\/4730\/revisions\/4735"}],"wp:attachment":[{"href":"https:\/\/www.carnets-dailleurs.com\/index.php\/wp-json\/wp\/v2\/media?parent=4730"}],"curies":[{"name":"wp","href":"https:\/\/api.w.org\/{rel}","templated":true}]}}